 - ((0 - -9) + (26 - 31))?
-5
-1 - 9 - ((8 - 14) + 1)
-5
(123 - 158) + 17 + (-2 - -4)
-16
112 + -102 + -1 + -7 + 4
6
Calculate 4 + (0 - ((-14 - 1) + (12 - 4))).
11
(1 + -3 + -4 + 9 - -5) + 7
15
1 + 3 + -9 + 5 - 13
-13
What is the value of (23 - 19) + (-7 - (-4 - -4)) - -37?
34
((-21 - -10) + 14 - 5) + 14 + -5
7
Evaluate -60 - -54 - (-7 - 0 - 2).
3
What is (0 - (3 + 26) - (30 + -36)) + 5?
-18
-11 - (-7 + -4 + -7)
7
Evaluate -16 + 31 - 43 - -2.
-26
Evaluate 2 + (2 - 11) + 5.
-2
Evaluate -8 + -12 + (39 - 17).
2
-3 - (13 - ((4 - 15) + 11))
-16
Evaluate 11 + 1 + (-5 - 2) + (19 - 17).
7
What is 10 + (-3 + 4 - 8 - (-13 - -11))?
5
Calculate 39 + -27 - ((0 - -27) + 3).
-18
Calculate 2 + (4 - (9 + -16)) + -6.
7
What is the value of -1 + -13 + (228 - 227)?
-13
What is the value of 25 + -17 + -5 + -4?
-1
Evaluate 30 + (-7 + 0 - 15).
8
What is 10 + -11 + 14 + 1 + 6?
20
What is 0 + -1 - (-1567 + 1557)?
9
Calculate (-74 - -78) + -2 + -2 + 13.
13
What is (-45 + 47 - -42) + -43?
1
What is the value of 3 - 17 - (-1 + -2) - (1 - 3)?
-9
5 + 14 + (-15 - -6) + 10 + -2
18
What is the value of (-18 + 27 - (19 + -3 - 1)) + 28?
22
(6 - (-1 - 1)) + -8 + (10 - 0)
10
What is (5 - (3 - 0) - -12) + -1?
13
Evaluate -13 + 3 - (13 + -16 + 3).
-10
169 - 165 - (1 + 4)
-1
What is the value of -7 - (12 - 11 - (3 + -4)) - -6?
-3
What is the value of (1 - ((-4 - -8) + -8)) + -11?
-6
Calculate (4 + -1 + -8 + 14 - 46) + 8.
-29
What is 29 - 33 - (-20 + 8)?
8
Evaluate -50 - -53 - (-4 + -2).
9
Evaluate -9 - (-8 + (1 - (6 - 5)) + 2).
-3
What is the value of -9 + 3 - (-1 + 2 - (-6 - -4))?
-9
What is the value of -4 + (108 - 118) + 0 + 11?
-3
Evaluate 6 - ((-1 - 5) + 10 + 1 + 16).
-15
What is 6 + (3 - 6) - (-6 - (7 + -8))?
8
What is 0 + (-35 + 13 + 10 - 2)?
-14
What is the value of 17 + (-15 - -9) - 18?
-7
Evaluate 4 + (4 - 4) + -8 - 1.
-5
Evaluate 2 + (-3 - 2 - -6) - (-2 + 8).
-3
Calculate (-11 + 3 - -23) + -50 + 50.
15
Calculate (-11 - (10 + -17 + 2)) + (-7 - 2).
-15
(27 - 23) + (-3 - 4)
-3
Calculate -12 + (11 - -2) + -12.
-11
-56 + 29 + -31 + 25
-33
Evaluate 0 - ((1 - -3) + 0 + -2 + 6).
-8
What is the value of (0 - -7) + (-30 - -26) + 0 + -4?
-1
116 - 92 - (-1 - -20)
5
Evaluate 14 + -20 + -5 + 5.
-6
Calculate -1 - (-1 - 5 - (25 - 18 - 19)).
-7
Evaluate -20 + 0 + 4 + (-8 - -9).
-15
Calculate 0 + -1 + 7 + (6 - 17).
-5
Evaluate 8 - -1 - (-3 - (-18 + 17)).
11
What is the value of 57 + -32 - (0 + 55)?
-30
What is -1 + 0 - (-13 - (-14 + 27 + -15))?
10
What is -16 + (14 - 13) - -12?
-3
What is the value of (10 - -38) + -68 - (-1 + -11)?
-8
Evaluate -1 + 11 + -4 + -14.
-8
What is -2 + (0 - -6) + (525 - 523)?
6
(-7 - (-4 - -4)) + -6 + -1
-14
Evaluate -3 + 8 + (-4 - 2) + (15 - 6).
8
Evaluate -13 - ((-3 - 3) + -8).
1
What is the value of (-13 - -12) + (-1 - 0) + 17 + -22?
-7
Calculate 8 - 2 - 9 - 3.
-6
27 - (-3 + -2 + 17)
15
Calculate -1 + ((-12 - 18) + 14 - (1 - 3)).
-15
Calculate -3 - (-10 - -19) - (1 + -1).
-12
What is the value of 4 + 25 + -5 - (-1 - -7)?
18
-687 + 716 + -40 + 2
-9
What is the value of (2 - 2 - -6) + -30 + (3 - -8)?
-13
15 + -16 - (27 + -49)
21
-1 + 1 + 23 - (17 + -38 - -23)
21
Evaluate -15 + -2 + -5 + -35 + 47.
-10
Calculate -8 + -12 + 8 + 13 + -24.
-23
Evaluate -23 + (-10 - (-3 + -5)).
-25
Calculate -10 - (-12 - -11 - -3).
-12
What is the value of 9 + ((-9 - -2) + 22 - 1) + -7?
16
What is the value of (2 - 2) + 7 + -64 + 76?
19
What is the value of 10 + (2 + (0 - 2) + -4 - -6)?
12
What is -15 - (-34 - (3 - 14))?
8
Calculate 3 + -3 + (-10 + -2 - -22).
10
What is the value of 3 + 7 + -5 + -10 + 22?
17
Calculate -3 + 6 - 4 - (-15 - (-6 - -3)).
11
Evaluate -6 - (-3 + (-6 - (-3 + 3 - 13))).
-10
0 + 14 + -10 + (-1 - -4) - 7
0
What is the value of -23 + -31 + 12 - -24?
-18
1 + -1 + 1 + -15 + 21 - -9
16
What is -22 + 32 + -14 + -9?
-13
Evaluate (0 - (11 - 5)) + (-2 - (2 - 5)).
-5
Evaluate 8 + (0 - -10) + -18 + -4.
-4
Calculate -48 + 32 - 21 - -24.
-13
What is the value of 4 + (12 - 6) - (54 + -67)?
23
-4 + (31 - (-7 + 20))
14
What is the value of 2 + (-4 - ((44 - 43) + 1 + -5))?
1
0 + 5 + (-46 - -43 - (9 - 0))
-7
(1 - 22) + (2849 - 2801)
27
Evaluate -1 - -1 - (24 - (-1 - -42)).
17
492 + -471 + -34 + 0
-13
Evaluate -8 + 12 - -5 - (5 - -1).
3
0 - 3 - (5 + 1)
-9
Evaluate (-12 - (6 + (-6 - 23))) + 17.
28
What is (12 - 19) + -13 - -10?
-10
What is -1 + -5 + (-14 - -8 - (-2 + -5))?
-5
Evaluate -10 + (21 - 8) + 9.
12
Calculate 14 - 32 - (-6 + (-5 - -3)).
-10
What is the value of (8 - (-7 - ((-20 - -6) + 7))) + -12?
-4
What is 3 + 3 - ((-3 - 0) + -19 + 34)?
-6
Evaluate -9 - -4 - (4 + (-11 - -4 - -8)).
-10
Calculate 1 + -5 - (22 - 27 - -6).
-5
Calculate -12 + 9 + 4 + -1 - -2.
2
Evaluate -5 + -1 - (49 - 62) - (2 - 6).
11
Calculate -7 + (18 - (2 + 11)) - -14.
12
Evaluate 27 + -11 + 17 - 24.
9
What is the value of -7 - -4 - (115 + -95)?
-23
What is the value of -6 + -1 + (13 - 11) - 1?
-6
-11 - (5 + (-23 - 12 - -12))
7
What is the value of (-2 - 1) + 1 - (-24 - 5 - -21)?
6
-8 - ((1 - 8) + (15 - 7))
-9
4 + -13 + (-17 - -15)
-11
What is (-55 - -58) + (1 - 5) + -7 - -1?
-7
Evaluate 10 + -28 - -8 - -39.
29
What is -43 + (-8 - -41 - -8)?
-2
What is the value of 5 + (-2 - 1 - 0 - -7) + -19?
-10
-11 + (-10 + -2 - -6) - -6
-11
Calculate 1 - (2 - 28) - (-3488 + 3493).
22
0 - (29 - (32 + -17))
-14
Evaluate (0 - -4) + (-20 - (-14 + 17) - -6).
-13
Calculate -10 + (-1 - -14) + 51 + -57 - 6.
-9
Calculate -1 + 3 - 10 - (-417 + 404).
5
Calculate (-8 - -38 - 22) + 18.
26
Calculate -12 - (-33 + 45 + -36).
12
What is (4 - 2 - (-2 + 14)) + (-322 - -323)?
-9
What is the value of 12 + -6 + -10 + 9 + 4?
9
29 + -15 - (25 - 0)
-11
Evaluate 26 + (-21 - -15) + -28.
-8
Evaluate (-3 + -6 + -2 - (68 - 46)) + -3.
-36
What is (8 + 3 - (19 - -1 - 12)) + -6?
-3
What is the value of 0 + (6 - -20) - 13?
13
Evaluate 11 + -8 + -1 + (18 - 18).
2
Calculate -1 + (-13 - (-12 + -6 + 17)).
-13
Calculate 7 + 1 + (6 - 19) - 0 - -2.
-3
19 + (-15 + 6 - (-2 - -2)) + 15
25
1 - 3 - ((12 - (7 + 7)) + -4)
4
Evaluate 37 - (14 + -6) - 24.
5
34 + -18 + 5 + (7 - 16)
12
What is 8 + -1 - (-25 + 21 + 8)?
3
Evaluate 14 - 2 - (-1 + (1 - -2)).
10
5 - 14 - (6 + -6 + -7)
-2
Evaluate -6 - (93 - 85 - (1 + 25)).
12
Calculate 34 + (-38 - -15 - -18).
29
Evaluate 10 + -11 + (34 - (11 - -4)).
18
What is -4 + -40 + 46 + -8 + 0?
-6
Calculate 32 + (22 - 31) + -38.
-15
-7 - 4 - (-20 + 3) - (2 - -4)
0
-35 + -1 - (158 + -184)
-10
Calculate -12 - -5 - 4 - (47 - 58).
0
Calculate -14 + (45 - 45 - 9).
-23
What is -10 - (-3 + (-16 - -11))?
-2
What is (-5 + (-12 - 1) - (0 - 0)) + 7?
-11
What is the value of 15 - -6 - (20 + -6 + -2)?
9
-8 - ((10 - 1) + -6)
-11
Calculate -14 + (9 - (-1 - -6)).
-10
Evaluate (0 - -1) + (-26 - -14) + -12 + 11.
-12
Evaluate 62 + -6 + -3 - 12 - 17.
24
Calculate 1 + (-3 - (-8 - -9)) - -14.
11
(37 - 59) + (4 - -3) + -9
-24
Evaluate -14 - (-33 - (3 + -12)).
10
Calculate 0 + -3 + (34 - (8 - -9)).
14
What is 13 + -2 + -14 - 1?
-4
6 + (-10 + 9 + -9 - 1)
-5
What is the value of -26 + 13 + 16 + 3 - 3?
3
Evaluate -28 + 17 - -3 - -9.
1
Calculate 7 - (53 + -6 - 21).
-19
What is -17 + (15 + -21 - -4)?
-19
What is the value of 15 + (-17 - 0) + 17?
15
Calculate (3 - 1) + (-8 - (-21 + 20)).
-5
Calculate 42 + -28 + -3 + (0 - -6).
17
Evaluate 1 - (7 + -6 - ((-6 - -1) + 1)).
-4
Evaluate -1 + (-10 - (3 + -23)) - 25 - 7.
-23
Calculate (11 - 17) + 2 + 17.
13
Calculate -6 + 4 + 1 + -3 - (-6 + 13).
-11
1 - -26 - (86 - 61)
2
(4 - -23) + 4 + (-16 - -10)
25
What is -35 - ((-48 - -15) + 5)?
-7
What is the value of -7 + 35 - 6 - (10 - 10)?
22
Calculate (3 + -3 - -9) + -8 + 7 + -24.
-16
What is the value of (5 - (1 - ((13 - 8) + 0))) + -28?
-19
-5 - 0 - (8 + 0 + 37 + -40)
-10
-4 - 26 - 5 - (-8 - -2 - -8)
-37
Calculate 19 - 14 - (5 - (0 + -6 - -7)).
1
Calculate 1 + (2 - (11 + -9)).
1
6 + 0 + (19 - 19)
6
What is the value of (1 - (2 + -1) - (14 + -9)) + -5?
-10
Calculate -81 + -100 + 141 - (-1 + (0 - 0)).
-39
Evaluate -5 + ((2 - 4) + 2 - (6 - 18)).
7
Evaluate -1 + 1 + -10 + 23 + -12.
1
-24 + 11 - (-16 - -3) - (-3 + -1)
4
What is 19 + 2 + 1 - (-81 - -83)?
20
What is (-7 - ((7 - -5) + -5)) + (-2 - 4)?
-20
Calculate -1 + 1 - (3 - -3 - (-4 - -6)).
-4
Evaluate -5 - (2 - 36 - (45 + -55)).
19
-9 + -4 + 9 - -8
4
Evaluate -9 - -26 - (8 - -6).
3
What is the value of 7 - (-3 - (-7 - -5 -